, 3, 13
List the prime factors of 23741.
23741
What are the prime factors of 11172?
2, 3, 7, 19
What are the prime factors of 2079?
3, 7, 11
What are the prime factors of 6664?
2, 7, 17
List the prime factors of 536.
2, 67
List the prime factors of 734.
2, 367
List the prime factors of 86980.
2, 5, 4349
List the prime factors of 698.
2, 349
What are the prime factors of 695?
5, 139
What are the prime factors of 482?
2, 241
What are the prime factors of 557?
557
What are the prime factors of 641?
641
List the prime factors of 17298.
2, 3, 31
List the prime factors of 21784.
2, 7, 389
What are the prime factors of 49173?
3, 37, 443
What are the prime factors of 4511?
13, 347
List the prime factors of 148.
2, 37
List the prime factors of 3955.
5, 7, 113
What are the prime factors of 174080?
2, 5, 17
List the prime factors of 20023.
20023
What are the prime factors of 5707?
13, 439
What are the prime factors of 3072?
2, 3
What are the prime factors of 890?
2, 5, 89
List the prime factors of 1034.
2, 11, 47
List the prime factors of 32656.
2, 13, 157
What are the prime factors of 1409?
1409
What are the prime factors of 18395?
5, 13, 283
What are the prime factors of 2807?
7, 401
List the prime factors of 42099.
3, 14033
List the prime factors of 28628.
2, 17, 421
What are the prime factors of 20213?
17, 29, 41
What are the prime factors of 20387?
19, 29, 37
What are the prime factors of 128132?
2, 103, 311
List the prime factors of 56694.
2, 3, 11, 859
List the prime factors of 10172.
2, 2543
List the prime factors of 1793.
11, 163
What are the prime factors of 143406?
2, 3, 31, 257
List the prime factors of 8005.
5, 1601
What are the prime factors of 20602?
2, 10301
What are the prime factors of 1976?
2, 13, 19
What are the prime factors of 949?
13, 73
What are the prime factors of 32907?
3, 7, 1567
What are the prime factors of 23973?
3, 61, 131
List the prime factors of 99562.
2, 67, 743
What are the prime factors of 1112?
2, 139
List the prime factors of 263.
263
What are the prime factors of 1758?
2, 3, 293
List the prime factors of 431.
431
What are the prime factors of 88821?
3, 71, 139
List the prime factors of 138827.
13, 59, 181
What are the prime factors of 6390?
2, 3, 5, 71
What are the prime factors of 14653?
14653
What are the prime factors of 495?
3, 5, 11
What are the prime factors of 1959?
3, 653
List the prime factors of 1214.
2, 607
What are the prime factors of 8618?
2, 31, 139
List the prime factors of 34187.
17, 2011
What are the prime factors of 1719?
3, 191
List the prime factors of 1199.
11, 109
What are the prime factors of 56590?
2, 5, 5659
What are the prime factors of 374?
2, 11, 17
What are the prime factors of 12307?
31, 397
List the prime factors of 5070.
2, 3, 5, 13
What are the prime factors of 1170?
2, 3, 5, 13
List the prime factors of 116.
2, 29
List the prime factors of 1471.
1471
List the prime factors of 2835.
3, 5, 7
What are the prime factors of 1269?
3, 47
List the prime factors of 20383.
11, 17, 109
What are the prime factors of 30982?
2, 7, 2213
List the prime factors of 39.
3, 13
List the prime factors of 6521.
6521
What are the prime factors of 907?
907
What are the prime factors of 80278?
2, 11, 41, 89
What are the prime factors of 8174?
2, 61, 67
List the prime factors of 57200.
2, 5, 11, 13
What are the prime factors of 9707?
17, 571
What are the prime factors of 11882?
2, 13, 457
What are the prime factors of 6614?
2, 3307
What are the prime factors of 14695?
5, 2939
List the prime factors of 21475.
5, 859
What are the prime factors of 4053?
3, 7, 193
List the prime factors of 2682.
2, 3, 149
List the prime factors of 4682.
2, 2341
What are the prime factors of 1517?
37, 41
What are the prime factors of 33601?
33601
What are the prime factors of 114218?
2, 13, 23, 191
What are the prime factors of 7125?
3, 5, 19
List the prime factors of 47958.
2, 3, 7993
What are the prime factors of 75801?
3, 11, 2297
What are the prime factors of 18826?
2, 9413
List the prime factors of 6458.
2, 3229
List the prime factors of 9609.
3, 3203
What are the prime factors of 1609?
1609
List the prime factors of 6048.
2, 3, 7
What are the prime factors of 256?
2
What are the prime factors of 126138?
2, 3, 21023
List the prime factors of 63069.
3, 21023
What are the prime factors of 78867?
3, 23, 127
List the prime factors of 15169.
7, 11, 197
List the prime factors of 418.
2, 11, 19
List the prime factors of 20035.
5, 4007
List the prime factors of 8879.
13, 683
List the prime factors of 11964.
2, 3, 997
List the prime factors of 1193.
1193
What are the prime factors of 5067?
3, 563
What are the prime factors of 52577?
7, 29, 37
What are the prime factors of 649?
11, 59
List the prime factors of 393.
3, 131
What are the prime factors of 1694?
2, 7, 11
List the prime factors of 33478.
2, 19, 881
What are the prime factors of 17796?
2, 3, 1483
List the prime factors of 15264.
2, 3, 53
What are the prime factors of 58797?
3, 47, 139
List the prime factors of 97200.
2, 3, 5
What are the prime factors of 32777?
73, 449
List the prime factors of 412.
2, 103
List the prime factors of 9967.
9967
What are the prime factors of 66321?
3, 7369
List the prime factors of 5071.
11, 461
What are the prime factors of 1815?
3, 5, 11
What are the prime factors of 1111?
11, 101
List the prime factors of 2397.
3, 17, 47
List the prime factors of 19584.
2, 3, 17
What are the prime factors of 593?
593
List the prime factors of 7783.
43, 181
What are the prime factors of 183006?
2, 3, 3389
List the prime factors of 10230.
2, 3, 5, 11, 31
What are the prime factors of 9487?
53, 179
What are the prime factors of 2231?
23, 97
What are the prime factors of 3943?
3943
What are the prime factors of 3834?
2, 3, 71
What are the prime factors of 19201?
7, 13, 211
What are the prime factors of 144112?
2, 9007
What are the prime factors of 1516?
2, 379
List the prime factors of 18865.
5, 7, 11
What are the prime factors of 2180?
2, 5, 109
List the prime factors of 73294.
2, 13, 2819
List the prime factors of 32111.
163, 197
List the prime factors of 594.
2, 3, 11
List the prime factors of 46013.
11, 47, 89
What are the prime factors of 7231?
7, 1033
What are the prime factors of 10059?
3, 7, 479
List the prime factors of 7588.
2, 7, 271
What are the prime factors of 1192?
2, 149
What are the prime factors of 1778?
2, 7, 127
List the prime factors of 32641.
7, 4663
List the prime factors of 30987.
3, 11, 313
List the prime factors of 79843.
79843
List the prime factors of 1599.
3, 13, 41
List the prime factors of 95988.
2, 3, 19, 421
What are the prime factors of 1420?
2, 5, 71
What are the prime factors of 1362?
2, 3, 227
What are the prime factors of 120982?
2, 241, 251
What are the prime factors of 1889?
1889
What are the prime factors of 1198?
2, 599
What are the prime factors of 192?
2, 3
List the prime factors of 8282.
2, 41, 101
List the prime factors of 3419.
13, 263
List the prime factors of 235.
5, 47
What are the prime factors of 746?
2, 373
List the prime factors of 4379.
29, 151
List the prime factors of 6846.
2, 3, 7, 163
List the prime factors of 2481.
3, 827
List the prime factors of 1514.
2, 757
List the prime factors of 9527.
7, 1361
List the prime factors of 12641.
12641
List the prime factors of 751.
751
List the prime factors of 3330.
2, 3, 5, 37
List the prime factors of 9393.
3, 31, 101
List the prime factors of 111493.
111493
What are the prime factors of 4857?
3, 1619
What are the prime factors of 63250?
2, 5, 11, 23
List the prime factors of 6371.
23, 277
What are the prime factors of 1402?
2, 701
List the prime factors of 2912.
2, 7, 13
List the prime factors of 2277.
3, 11, 23
What are the prime factors of 889?
7, 127
List the prime factors of 3139.
43, 73
List the prime factors of 125777.
125777
List the prime factors of 3153.
3, 1051
What are the prime factors of 10589?
10589
List the prime factors of 24409.
7, 11, 317
What are the prime factors of 1339?
13, 103
List the prime factors of 1231.
1231
List the prime factors of 656.
2, 41
List the prime factors of 658.
2, 7, 47
What are the prime factors of 4792?
2, 599
What are the prime factors of 2846?
2, 1423
What are the prime factors of 9103?
9103
What are the prime 